se -106 = -3*j - 40. Calculate the remainder when w is divided by j.
21
Let f(d) = 9*d - 33. Let p(s) = -46*s + 166. Let j(z) = 11*f(z) + 2*p(z). What is the remainder when 14 is divided by j(5)?
2
Suppose 85*x = 80*x + 155. What is the remainder when 119 is divided by x?
26
Suppose -44 = 5*h - 169. Let f(k) = 2*k**2 - 112*k - 45. What is the remainder when f(57) is divided by h?
19
Let z = -16 + 12. Let t(c) = -7*c - 13. What is the remainder when t(z) is divided by 9?
6
Let v(k) = 4*k - 20. Let f be v(-6). Let n = 9 - f. What is the remainder when n is divided by 9?
8
Let l = -357 - -447. Calculate the remainder when l is divided by 25.
15
Let n be (-17)/51 + 242/6. Let f = -14 + n. Calculate the remainder when f is divided by 14.
12
What is the remainder when 69 is divided by 42/5*450/135?
13
Calculate the remainder when 1187 is divided by (-286)/(-8) - 7*(-13)/364.
35
Let m(h) = -4*h**2 + 2*h + 18. Calculate the remainder when 85 is divided by m(0).
13
Suppose 0 = 27*v - 31*v + 5*s + 187, 5*v - s - 218 = 0. Calculate the remainder when 164 is divided by v.
35
Let z = 306 - 230. What is the remainder when 227 is divided by z?
75
Suppose 4*u = w + 602, 48 = u - 5*w - 93. Calculate the remainder when u is divided by 17.
15
Suppose -3*k + 72 = 3*j, 3*j + 2*k - 3*k - 60 = 0. Suppose -80 = -5*z + 230. What is the remainder when z is divided by j?
20
Suppose -2*t + 10 = 4, 4*p - 2*t = 22. Suppose -28*x + 16*x = -132. What is the remainder when x is divided by p?
4
Suppose 3*m + 3*s - 42 = 6, m = -5*s + 12. Suppose m*l - 145 = 12*l. Calculate the remainder when 113 is divided by l.
26
Let d = 158 - 48. Let r = 158 - d. Calculate the remainder when r is divided by 15.
3
Let c(r) = -5*r - 31. Let d(o) = 17*o - 5. Let u be d(6). Let k = u - 64. What is the remainder when k is divided by c(-8)?
6
What is the remainder when 12*(-5)/(-20) + 14 is divided by 9?
8
Calculate the remainder when 11376/720 - (-9)/(-5) is divided by 11.
3
Suppose 6*b - b - 2*j + 135 = 0, 3*b = -2*j - 65. What is the remainder when 4/20 - 1520/b is divided by 13?
9
Suppose 3*t - 231 = 264. What is the remainder when t is divided by 22?
11
Let g be 1/((6/(-9))/((-4)/3)). Suppose -g*d + 15 = -d. Calculate the remainder when 26 is divided by d.
11
Let g(q) = -q**2 + 3*q. Let d be g(2). Let v(z) = 0*z**3 - z**2 + 3*z**3 - 2*z**2 + d*z**2 - 4 + z. Calculate the remainder when 71 is divided by v(2).
17
Suppose 357*u - 359*u = -102. Suppose -6 = o - 12. What is the remainder when u is divided by o?
3
Let m = 86 - 73. What is the remainder when m is divided by 3?
1
Let s = 1036 + -556. Suppose 4*m + 2*m = s. Calculate the remainder when m is divided by 21.
17
Suppose -7*q + 2*q + 25 = 0. What is the remainder when -9*(-306)/189 - 8/14 is divided by q?
4
Suppose -5*r + 61 = 2*l - 15, 5*r - 5*l - 90 = 0. Let u = -46 + -105. Let d = u + 212. What is the remainder when d is divided by r?
13
Suppose 5*r = 5*j + 805, j - 12 = 5*j. Calculate the remainder when r is divided by 7.
4
Let z be (8/14 - 120/(-35)) + 1. Suppose 4*v = 8*v + 4*a - 124, z*v - 183 = 2*a. Let f = -8 - -17. What is the remainder when v is divided by f?
8
Let v(p) = -p**3 + 6*p**2 - p + 5. Let m be v(6). Calculate the remainder when 53 is divided by ((-5)/3 - m)*162/(-4).
26
Let k = 63 + -45. Suppose 4*j - 33 = 2*s - j, 4*s - 5*j = -41. Let q = k + s. Calculate the remainder when 27 is divided by q.
13
Let n(q) = 2*q**2 + 23*q + 11. Suppose 4*d = -22 - 22. Let t be n(d). Suppose t = -0*j + 6*j - 210. Calculate the remainder when j is divided by 9.
8
Let v(i) = i**3 - 4*i + 31. Calculate the remainder when v(0) is divided by 5.
1
Let m = 2 + -7. Let a = -2 + 25. Calculate the remainder when a is divided by 2/m - (-310)/25.
11
Suppose 32*f + 78 = 34*f. Let x(i) = 154*i - 1. What is the remainder when x(1) is divided by f?
36
Let p = -57 + 202. What is the remainder when p is divided by 26?
15
Suppose -4*b = -5*m - 23, -3*m = 2*b - 4*m - 13. Let a(t) = -2*t**2 + t + 4. Let n be a(4). Let s = n - -43. Calculate the remainder when s is divided by b.
5
Let l(y) = 4*y**2 - y - 1. Let x be l(3). Let c = 42 - x. What is the remainder when 26 is divided by c?
6
Suppose 3*p = -4*j + 172, -3*j + 2*p - 17 = -129. Calculate the remainder when 115 is divided by j.
35
Suppose 0 = 2*b - 2*j - 46, 4*b - 117 = -2*j - 37. Let c = -248 - -308. Calculate the remainder when c is divided by b.
18
Let o(w) = w**3 + w**2 + w - 1. Let i(q) = -5*q**3 - 11*q**2 - 14*q + 2. Let t(k) = -i(k) - 6*o(k). What is the remainder when 78 is divided by t(6)?
14
Let o(u) = -2*u**3 - 4*u**2 - 4*u - 14. Let a be o(-6). Suppose 0 = 4*v + 2*j - a, -2 = 3*j + 1. What is the remainder when v is divided by 19?
18
Let u(n) = n**2 - n. Let b = 149 - 133. Let z = b - -29. Calculate the remainder when z is divided by u(4).
9
Suppose y + i - 35 = 0, 4*y = y + 4*i + 91. Suppose -12*u = -321 + y. Calculate the remainder when 67 is divided by u.
19
Let c(h) = 2*h - 8. Let d be c(5). Suppose d*j = 5*j - 12. Suppose -t + k + 10 = -0*t, 5*t + k = 80. What is the remainder when t is divided by j?
3
Suppose 920 = -4*t + 27*t. Calculate the remainder when 159 is divided by t.
39
Let s = -16 - -26. Let g(p) = 10*p - 12. Let m be g(6). Suppose 0 = 5*y - s, c = -y - m + 173. What is the remainder when c is divided by 31?
30
Suppose 5*q - 30*n + 29*n - 2030 = 0, 0 = -3*q - 5*n + 1190. Calculate the remainder when q is divided by 34.
31
Let w = -13 + 16. Suppose -g - 4*j + 56 = 3*g, j - 40 = -w*g. Calculate the remainder when 25 is divided by g.
12
Calculate the remainder when (4 + -6)/(10/(-105)) is divided by 14.
7
Suppose 32 = 3*a + r, 5*a + 3 = -r + 53. What is the remainder when a is divided by 7?
2
Suppose 2*p - 2*z - 20 = 0, -3*p + 0*z - z + 26 = 0. Let x(j) = -j**3 + 10*j**2 - 7*j - 5. What is the remainder when 75 is divided by x(p)?
10
Suppose 0 = -2*z + 5 + 3. Let w be 0/((-1)/2*2). Suppose 4*p + 4*a - 71 = -a, w = -z*p - 3*a + 65. What is the remainder when p is divided by 4?
2
Suppose -3*w + 2*w + 16 = 0. Suppose 5*v - f - 3*f - 369 = 0, -3*v - 3*f + 243 = 0. Calculate the remainder when v is divided by w.
13
Let f = -475 + 559. Calculate the remainder when f is divided by 13.
6
Suppose -210 = -2*h - 4*j, 315 = -0*h + 3*h - 5*j. What is the remainder when h is divided by 27?
24
Let p = 1 - -3. What is the remainder when 43 is divided by 18/4*8/p?
7
Suppose 5*h = 2*a + 3, 2*h + h = -a - 7. Let v(p) = -10*p - 1. Suppose 5*c = -2*y + 40, 4*c + 2*y = y + 35. What is the remainder when v(a) is divided by c?
9
Let z = 406 - 397. Suppose -88 = -3*o - o. What is the remainder when o is divided by z?
4
Suppose -5*j - 51 = -5*n + 169, j = -2*n + 94. Calculate the remainder when 135 is divided by n.
43
Let s(x) = x**3 - 3*x**2 + 2*x + 1. What is the remainder when 111 is divided by s(4)?
11
Suppose 74 = 5*q + 14. Let w(r) = r**3 + 6*r**2 + 2*r + 2. Calculate the remainder when (-75)/(-3 + q/8) is divided by w(-5).
16
Let n(x) = 28*x**3 + x + 1. Let d(i) = 1. Let p(b) = -d(b) - n(b). Let j be p(-1). Let m = j - 14. What is the remainder when 34 is divided by m?
8
Let n = 347 - 302. Calculate the remainder when n is divided by 8.
5
Calculate the remainder when (-2135)/(-9) + 2/(-9) is divided by 14.
13
Suppose -6*j + 10*j - 72 = 0. Let r(p) = -4*p - 18. What is the remainder when j is divided by r(-7)?
8
Let m be (-66)/(-24) - (-2)/8. Suppose 59 = m*x + 8. Let z = 224 - 158. Calculate the remainder when z is divided by x.
15
Let n(z) = -37*z**3 - 1. Let w be n(1). Let h = 10 - w. Calculate the remainder when h is divided by 13.
9
Suppose 0 = 4*u - 2*u - 16. Let b = -8 + u. Let x(i) = i + 9. Calculate the remainder when 24 is divided by x(b).
6
Suppose -15*c + 340 = -350. Calculate the remainder when 168 is divided by c.
30
Calculate the remainder when 131 is divided by 3*((-16)/(-4) - -1).
11
Let h = 24 + 0. Suppose 3*m - 39 - h = 0. Suppose 4*y - 17 = 3*n, 0 = -y - 2*n - 0*n + 18. Calculate the remainder when m is divided by y.
5
Let j = 1364 + -806. Calculate the remainder when j is divided by 43.
42
Let m be (12/(-20))/(2/(-60)). Suppose 0 = -4*h + z - 6*z + 27, -2*z + m = 4*h. What is the remainder when h is divided by 3?
0
Let r = 4 + 7. Suppose -2*i - 4*t = -80, -i - 3*t + 40 